{"id":305,"date":"2013-11-26T18:22:21","date_gmt":"2013-11-26T16:22:21","guid":{"rendered":"http:\/\/www.rupprecht-gymnasium-foerderverein.de\/?page_id=305"},"modified":"2022-10-24T16:43:24","modified_gmt":"2022-10-24T14:43:24","slug":"satzung-vom-18-10-2013","status":"publish","type":"page","link":"http:\/\/rupprecht-gymnasium-foerderverein.de\/?page_id=305","title":{"rendered":"Satzung vom 22.10.2021"},"content":{"rendered":"<p align=\"center\"><b>Satzung der \u201eFreunde des Rupprecht-Gymnasiums M\u00fcnchen\u201c<\/b><\/p>\n<ul>\n<li><strong><u> 1 Name, Sitz, Gesch\u00e4ftsjahr<\/u><\/strong><\/li>\n<\/ul>\n<p>Der Verein f\u00fchrt den Namen \u201eFreunde des Rupprecht-Gymnasiums M\u00fcnchen e. V.\u201c. Er hat seinen Sitz in M\u00fcnchen und ist in das Vereinsregister einzutragen. Das Gesch\u00e4ftsjahr ist das Kalenderjahr.<\/p>\n<ul>\n<li><strong><u> 2 Vereinszweck<\/u><\/strong><\/li>\n<\/ul>\n<p>Der Verein verfolgt ausschlie\u00dflich und unmittelbar gemeinn\u00fctzige Zwecke im Sinne des Abschnitts \u201eSteuerbeg\u00fcnstigter Zwecke\u201c der Abgabenordnung.<\/p>\n<ol>\n<li>Er ist \u00fcberparteilich und \u00fcberkonfessionell. Der Verein ist selbstlos t\u00e4tig. Er verfolgt nicht in erster Linie eigenwirtschaftliche Zwecke.<\/li>\n<li>Der Vereinszweck wird insbesondere verwirklicht durch:<br \/>\ndie vollst\u00e4ndige oder teilweise \u00dcbernahme von Kosten f\u00fcr die Anschaffung,<br \/>\nAnmietung und Unterhaltung von Ausstattung, Lehr- und Lernmitteln und von<br \/>\nVeranstaltungen der Schule oder der Sch\u00fcler,<br \/>\n\u25cf\u00a0\u00a0 Unterst\u00fctzung der Schule bei ihren Bem\u00fchungen um Verbesserung der r\u00e4umlichen<br \/>\nSituation<br \/>\n\u25cf\u00a0\u00a0 Unterst\u00fctzung des Elternbeirats des Rupprecht-Gymnasiums M\u00fcnchen bei der<br \/>\nWahrnehmung seiner Aufgaben<br \/>\n\u25cf\u00a0\u00a0 Ma\u00dfnahmen zur F\u00f6rderung der Schulgemeinschaft und Unterst\u00fctzung von Kontakten<br \/>\nzwischen aktiven und ehemaligen Angeh\u00f6rigen des Rupprecht-Gymnasiums, z.B.<br \/>\ndurch Rundbriefe, Veranstaltungen, Jahrestreffen der Ehemaligen, usw. sowie<br \/>\n\u25cf\u00a0\u00a0 F\u00f6rderung von Auslandskontakten zur Vertiefung der internationalen Verst\u00e4ndigung.<\/li>\n<li>Mittel des Vereins d\u00fcrfen nur f\u00fcr satzungsgem\u00e4\u00dfe Zwecke verwendet werden. Die Mitglieder erhalten keine Zuwendungen aus Mitteln des Vereins.<\/li>\n<li>Es darf keine Person durch Ausgaben, die dem Zweck des Vereins fremd sind oder durch unverh\u00e4ltnism\u00e4\u00dfig hohe Verg\u00fctungen beg\u00fcnstigt werden.<\/li>\n<li>Den Mitgliedern des Vorstandes kann durch Beschluss der Mitgliederversammlung die Zahlung einer Verg\u00fctung in H\u00f6he der Ehrenamtspauschale i.S.d. \u00a73 Nr. 26a EStG gew\u00e4hrt werden.<\/li>\n<\/ol>\n<ul>\n<li><strong><u> 3 Mitgliedschaft<\/u><\/strong><\/li>\n<\/ul>\n<ol>\n<li>Mitglied des Vereins k\u00f6nnen alle nat\u00fcrlichen und juristischen Personen werden, die zur ideellen und materiellen F\u00f6rderung des Rupprecht-Gymnasiums und seiner Sch\u00fcler bereit sind.<\/li>\n<li>\u00dcber die schriftlich vorzulegende Beitrittserkl\u00e4rung entscheidet der Vorstand. Ein Aufnahmeanspruch besteht nicht. Der Beitritt wird mit \u00dcbersendung einer schriftlichen Aufnahmeerkl\u00e4rung wirksam.<\/li>\n<li>Die Mitgliedschaft endet<br \/>\nmit dem Tod oder der Gesch\u00e4ftsunf\u00e4higkeit des Mitglieds, bei juristischen Personen<br \/>\nmit deren Aufl\u00f6sung,<br \/>\n\u25cf\u00a0\u00a0 durch Austritt,<br \/>\n\u25cf\u00a0\u00a0 durch Ausschluss oder Streichung.<\/li>\n<li>Der Austritt erfolgt durch schriftliche Erkl\u00e4rung gegen\u00fcber dem Vorstand. Er ist jederzeit mit sofortiger Wirkung m\u00f6glich.<\/li>\n<li>Ein Mitglied kann aus dem Verein ausgeschlossen werden, wenn es in grober Weise gegen die Ziele des Vereins versto\u00dfen hat.<br \/>\nDer Ausschluss erfolgt nach Anh\u00f6rung des betroffenen Mitglieds durch Beschluss des Vorstands. Das Mitglied hat die M\u00f6glichkeit, binnen eines Monats nach Zustellung des Beschlusses die n\u00e4chste Mitgliederversammlung anzurufen, die endg\u00fcltig entscheidet.<\/li>\n<li>Die Streichung eines Mitglieds ist m\u00f6glich, wenn es seiner Beitragsverpflichtung in zwei aufeinander folgenden Jahren trotz Erinnerung nicht nachgekommen ist. \u00dcber die Streichung entscheidet der Vorstand.<\/li>\n<li>Bei Beendigung der Mitgliedschaft erfolgt keine R\u00fcckverg\u00fctung bereits geleisteter Mitgliedsbeitr\u00e4ge und keine Aussch\u00fcttung aus dem Vereinsverm\u00f6gen an das ausscheidende Mitglied.<\/li>\n<\/ol>\n<ul>\n<li><strong><u> 4 Mitgliedsbeitr\u00e4ge<\/u><\/strong><\/li>\n<\/ul>\n<p>\u00dcber die H\u00f6he des Mitgliedsbeitrags entscheidet die Mitgliederversammlung. Sch\u00fcler und Studenten sind beitragsfrei. Zahlenden Mitgliedern des Landheimvereins am Rupprecht-Gymnasium e. V. wird der dortige Beitrag angerechnet. Auf schriftlichen Antrag kann der Vorstand in begr\u00fcndeten Einzelf\u00e4llen \u00fcber eine Beitragserm\u00e4\u00dfigung entscheiden.<\/p>\n<ul>\n<li><strong><u> 5 Organe des Vereins<\/u><\/strong><\/li>\n<\/ul>\n<p>Die Organe des Vereins sind:<\/p>\n<ol>\n<li>Der Vorstand<\/li>\n<li>Die Mitgliederversammlung.<\/li>\n<\/ol>\n<ul>\n<li><strong><u> 6 Vorstand<\/u><\/strong><\/li>\n<\/ul>\n<ol>\n<li>Der Vorstand besteht aus dem\/der Vorsitzenden, zwei stellvertretenden Vorsitzenden, dem\/der Kassenf\u00fchrer\/in, dem\/der Schriftf\u00fchrer\/in und mindestens zwei Beisitzer\/innen.<\/li>\n<li>Die stellvertretenden Vorsitzenden werden von der Schule bzw. vom Elternbeirat, ein\/e Beisitzer\/in wird von der Sch\u00fclermitverantwortung (SMV) entsandt. Der Landheimverein soll im Vorstand vertreten sein.<\/li>\n<li>Der Vorstand wird mit Ausnahme der nach Nr. 2 entsandten Vorstandsmitglieder von der Mitgliederversammlung f\u00fcr zwei Jahre gew\u00e4hlt. Er bleibt bis zur satzungsgem\u00e4\u00dfen Bestellung des n\u00e4chsten Vorstands im Amt. W\u00e4hlbar sind nur Vereinsmitglieder. Die Bestellung kann innerhalb der Amtszeit nur aus wichtigem Grund, insbesondere wegen grober Pflichtverletzung oder Unf\u00e4higkeit zur ordnungsm\u00e4\u00dfigen Gesch\u00e4ftsf\u00fchrung widerrufen werden. Soweit die Bestellung daran gebunden ist, endet das Vorstandsamt auch bei Wegfall einer pers\u00f6nlichen Eigenschaft, so bei Ausscheiden aus dem Lehrerkollegium, der Sch\u00fclerschaft oder dem gew\u00e4hlten Elternbeirat. In diesem Fall benennt das entsendende Gremium ein neues Vorstandsmitglied.<br \/>\nWeitere Endigungsgr\u00fcnde f\u00fcr das Vorstandsamt sind die Beendigung der Mitgliedschaft i.S. des \u00a7 3 Nr.3 der Satzung oder die Gesch\u00e4ftsunf\u00e4higkeit des Amtsinhabers.<br \/>\nNachwahlen bei Ausscheiden eines Vorstandsmitglieds k\u00f6nnen auf jeder Mitgliederversammlung erfolgen. Die Vorstandsmitglieder \u00fcben ihre T\u00e4tigkeit ehrenamtlich aus und erhalten lediglich ihre Auslagen erstattet.<\/li>\n<li>Der\/die Vorsitzende und die stellvertretenden Vorsitzenden vertreten den Verein jeweils alleine nach au\u00dfen.<\/li>\n<li>Dem Vorstand obliegt die unmittelbare F\u00f6rderung des Vereinszwecks nach \u00a7 2 der Satzung. Er unterst\u00fctzt die Schule auch bei Ma\u00dfnahmen zur F\u00f6rderung der Schulgemeinschaft und bei der Herstellung von Kontakten zwischen aktiven und ehemaligen Angeh\u00f6rigen des Rupprecht-Gymnasiums (z. B. durch regelm\u00e4\u00dfige Rundbriefe, Veranstaltungen, Sch\u00fclerjahrestreffen, etc.) sowie bei Auslandskontakten zur Vertiefung der internationalen Verst\u00e4ndigung.<br \/>\nDer\/die Vorsitzende beruft den Vorstand und die Mitgliederversammlung ein. Mindestens eine Vorstandssitzung j\u00e4hrlich soll zusammen mit den Vertretern im Schulforum stattfinden.<br \/>\nDer Vorstand fasst seine Beschl\u00fcsse bei Anwesenheit von mindestens der H\u00e4lfte seiner Mitglieder mit einfacher Mehrheit. Die Regelung nach \u00a7 3 Nr.5 bleibt davon unber\u00fchrt. Bei Stimmengleichheit entscheidet die Stimme des\/der Vorsitzenden.<\/li>\n<li>Der Vorstand berichtet der Mitgliederversammlung \u00fcber seine T\u00e4tigkeit und legt ihr die Jahresabrechnung zur Genehmigung vor.<\/li>\n<\/ol>\n<ul>\n<li><strong><u> 7 Mitgliederversammlung<\/u><\/strong><\/li>\n<\/ul>\n<ol>\n<li>Der Mitgliederversammlung obliegen:<br \/>\nDie Wahl und Entlastung des Vorstandes, Wahl von zwei Kassenpr\u00fcfern, Genehmigung der Jahresrechnung, Festsetzung des Mitgliedsbeitrags, \u00c4nderungen der Satzung und der Beschluss zur Aufl\u00f6sung des Vereins.<\/li>\n<li>Die Mitgliederversammlung ist zu berufen, wenn es das Interesse des Vereins erfordert, jedoch mindestens einmal j\u00e4hrlich. Auf Antrag der Mehrheit des Vorstandes bzw. von mindestens 20% der Mitglieder ist eine Mitgliederversammlung einzuberufen.<br \/>\nDer\/die Vorsitzende l\u00e4dt unter Angabe der Tagesordnung mit einer Frist von mindestens zwei Wochen schriftlich (Post, Fax oder e-mail) dazu ein. Die Frist beginnt mit dem Tag der Absendung der Einladung an die letzte bekannte Mitgliedsanschrift.<\/li>\n<li>Jede ordnungsgem\u00e4\u00df einberufene Mitgliederversammlung ist beschlussf\u00e4hig.<br \/>\nZur Beschlussfassung \u00fcber die Aufl\u00f6sung des Vereins ist jedoch die Anwesenheit von 50% der Mitglieder erforderlich. Ist eine solche Versammlung nicht beschlussf\u00e4hig, so ist vor Ablauf von vier Wochen eine weitere Mitgliederversammlung mit derselben Tagesordnung einzuberufen. Die weitere Versammlung darf fr\u00fchestens zwei Monate, muss aber sp\u00e4testens vier Monate nach der ersten Versammlung stattfinden. Die neue Versammlung ist ohne R\u00fccksicht auf die Zahl der erschienen Mitglieder beschlussf\u00e4hig. In der Einladung ist auf die erleichterte Beschlussf\u00e4higkeit hinzuweisen.<\/li>\n<li>Stimmberechtigt sind ausschlie\u00dflich die anwesenden Mitglieder, jedes Mitglied hat eine Stimme. Stimm\u00fcbertragungen sind nicht zul\u00e4ssig.<\/li>\n<li>Die Mitgliederversammlung entscheidet mit einfacher Mehrheit der abgegebenen g\u00fcltigen Stimmen, Enthaltungen bleiben au\u00dfer Betracht. Stimmengleichheit bedeutet Ablehnung.\u00a0Satzungs\u00e4nderungen bed\u00fcrfen einer 2\/3 Mehrheit, Beschl\u00fcsse zur \u00c4nderung des Vereinszwecks (\u00a7 2 der Satzung) oder zur Aufl\u00f6sung des Vereins einer \u00be Mehrheit der anwesenden Mitglieder.<\/li>\n<li>Die Abstimmung erfolgt durch Handzeichen. Auf Antrag von mindestens sechs Mitgliedern ist schriftlich und geheim abzustimmen.<\/li>\n<li>Die Mitgliederversammlung wird von dem\/der Vorsitzenden, ersatzweise von dem\/der stellvertretenden Vorsitzenden oder einem von der Versammlung gew\u00e4hlten Mitglied geleitet. F\u00fcr die Wahl des Vorstands ist aus der Versammlung ein Wahlleiter zu bestimmen. \u00dcber die gefassten Beschl\u00fcsse ist eine Niederschrift aufzunehmen, die vom Schriftf\u00fchrer und vom Versammlungsleiter zu unterschreiben ist.<\/li>\n<\/ol>\n<ul>\n<li><strong><u> 8 Kassenwesen<\/u><\/strong><\/li>\n<\/ul>\n<p>\u00dcber alle Einnahmen und Ausgaben ist Buch zu f\u00fchren. F\u00fcr die ordnungsgem\u00e4\u00dfe Kassenf\u00fchrung ist der\/die Kassenf\u00fchrer\/in verantwortlich.<br \/>\nDie gew\u00e4hlten Kassenpr\u00fcfer\/innen haben j\u00e4hrlich eine Kassenpr\u00fcfung vorzunehmen und dar\u00fcber der n\u00e4chstfolgenden Mitgliederversammlung zu berichten.<\/p>\n<ul>\n<li><strong><u> 9 Nachmittagsbetreuung<\/u><\/strong><\/li>\n<\/ul>\n<p>Entf\u00e4llt<\/p>\n<ul>\n<li><strong><u> 10 Aufl\u00f6sung des Vereins<\/u><\/strong><\/li>\n<\/ul>\n<p>Bei Aufl\u00f6sung des Vereins oder bei Wegfall steuerbeg\u00fcnstigter Zwecke f\u00e4llt sein Verm\u00f6gen nach Beschluss der Mitgliederversammlung an eine juristische Person des \u00d6ffentlichen Rechts oder eine andere steuerbeg\u00fcnstigte K\u00f6rperschaft zur Verwendung f\u00fcr die unmittelbare und ausschlie\u00dfliche F\u00f6rderung der Erziehung von Sch\u00fclern des Rupprecht-Gymnasiums oder seiner Nachfolgeeinrichtung.<\/p>\n<p>Die Liquidation erfolgt durch den Vorstand.<\/p>\n<ul>\n<li><strong><u>11 Erf\u00fcllungsort und Gerichtsstand<\/u><\/strong><\/li>\n<\/ul>\n<p>Erf\u00fcllungsort und Gerichtsstand ist M\u00fcnchen.<\/p>\n","protected":false},"excerpt":{"rendered":"<p>Satzung der \u201eFreunde des Rupprecht-Gymnasiums M\u00fcnchen\u201c 1 Name, Sitz, Gesch\u00e4ftsjahr Der Verein f\u00fchrt den Namen \u201eFreunde des Rupprecht-Gymnasiums M\u00fcnchen e. V.\u201c. Er hat seinen Sitz in M\u00fcnchen und ist in das Vereinsregister einzutragen. Das Gesch\u00e4ftsjahr ist das Kalenderjahr. 2 Vereinszweck &hellip; <a href=\"http:\/\/rupprecht-gymnasium-foerderverein.de\/?page_id=305\">Weiterlesen <span class=\"meta-nav\">&rarr;<\/span><\/a><\/p>\n","protected":false},"author":2,"featured_media":0,"parent":7,"menu_order":0,"comment_status":"closed","ping_status":"closed","template":"","meta":{"footnotes":""},"class_list":["post-305","page","type-page","status-publish","hentry"],"_links":{"self":[{"href":"http:\/\/rupprecht-gymnasium-foerderverein.de\/index.php?rest_route=\/wp\/v2\/pages\/305","targetHints":{"allow":["GET"]}}],"collection":[{"href":"http:\/\/rupprecht-gymnasium-foerderverein.de\/index.php?rest_route=\/wp\/v2\/pages"}],"about":[{"href":"http:\/\/rupprecht-gymnasium-foerderverein.de\/index.php?rest_route=\/wp\/v2\/types\/page"}],"author":[{"embeddable":true,"href":"http:\/\/rupprecht-gymnasium-foerderverein.de\/index.php?rest_route=\/wp\/v2\/users\/2"}],"replies":[{"embeddable":true,"href":"http:\/\/rupprecht-gymnasium-foerderverein.de\/index.php?rest_route=%2Fwp%2Fv2%2Fcomments&post=305"}],"version-history":[{"count":5,"href":"http:\/\/rupprecht-gymnasium-foerderverein.de\/index.php?rest_route=\/wp\/v2\/pages\/305\/revisions"}],"predecessor-version":[{"id":1285,"href":"http:\/\/rupprecht-gymnasium-foerderverein.de\/index.php?rest_route=\/wp\/v2\/pages\/305\/revisions\/1285"}],"up":[{"embeddable":true,"href":"http:\/\/rupprecht-gymnasium-foerderverein.de\/index.php?rest_route=\/wp\/v2\/pages\/7"}],"wp:attachment":[{"href":"http:\/\/rupprecht-gymnasium-foerderverein.de\/index.php?rest_route=%2Fwp%2Fv2%2Fmedia&parent=305"}],"curies":[{"name":"wp","href":"https:\/\/api.w.org\/{rel}","templated":true}]}}