{"id":1069,"date":"2018-10-21T16:47:31","date_gmt":"2018-10-21T14:47:31","guid":{"rendered":"http:\/\/rupprecht-gymnasium-foerderverein.de\/?page_id=1069"},"modified":"2018-10-21T16:47:31","modified_gmt":"2018-10-21T14:47:31","slug":"bericht-des-vorstands-zur-mitgliederversammlung-2018","status":"publish","type":"page","link":"https:\/\/rupprecht-gymnasium-foerderverein.de\/?page_id=1069","title":{"rendered":"Bericht des Vorstands zur Mitgliederversammlung 2018"},"content":{"rendered":"<h2 style=\"text-align: center;\"><strong>T\u00e4tigkeitsbericht des Vorstands 2018<br \/>\n(ab Mitgliederversammlung 2017)<\/strong><\/h2>\n<p>Der Verein hat derzeit 115 Mitglieder, davon 81 zahlende.<br \/>\nDer Vorstand konnte sich personell verst\u00e4rken durch die Mitarbeit von zwei ehemali-gen Sch\u00fclern (Sonja Schmidt, Abi-Jahrgang 2008, Christof Sommerschuh, Abi-Jahrgang 2004).<br \/>\nSeit der Mitgliederversammlung 2017 wurden in 6 Vorstandssitzungen folgende Arbeitsschwerpunkte verfolgt:<\/p>\n<h3><strong><u>Veranstaltungen:<\/u><\/strong><\/h3>\n<p>25.06.2018 F\u00fchrung Ohel-Jakob-Synagoge M\u00fcnchen<\/p>\n<h3><strong><u>\u00d6ffentlichkeitsarbeit \/ Mitgliederwerbung:<\/u><\/strong><\/h3>\n<p>Die <strong>Mitgliederwerbung<\/strong> und Bem\u00fchungen um Erh\u00f6hung des Spendenaufkommens wurden fortgef\u00fchrt: Rundschreiben, Beitrag der FRG im offiziellen Jahresbericht des RG, Anzeigen der FRG in der Sch\u00fclerzeitung \u201eeXpresso\u201c und der Abi-Zeitung des Jahrgangs 2018.<br \/>\nDer Kontakt zu den <strong>Pensionisten<\/strong> (Ansprechpartner: Herr Leitner) wurde fortgef\u00fchrt. Ergebnis: Zwei Anmeldungen zur Teilnahme am Jahrestreffen (Herr Leitner, Herr Scharl).<\/p>\n<p>Der Austausch mit dem <strong>Personalrat<\/strong> des RG wurde durch regelm\u00e4\u00dfige Einladung zu den Vorstandssitzungen fortgef\u00fchrt.<\/p>\n<p>Die FRG sind inzwischen auf der \u201e<strong>Gooding<\/strong>\u201c-Plattform registriert. F\u00fcr diese M\u00f6glich-keit, \u00fcber Eink\u00e4ufe im Internet einen kleinen Teil des Umsatzes von den anbietenden Unternehmen an die FRG spenden zu lassen, wird noch im Kreis der Ehemaligen und Mitglieder geworben.<\/p>\n<p>Die Teilnahme an der Aktion der ING DiBa (<strong>\u201e1.000 \u20ac f\u00fcr 1.000 Vereine\u201c<\/strong>) konnte in letzter Minute erfolgreich gestaltet werden. Die 1.000 \u20ac sind eingegangen.<\/p>\n<p><strong><u>Internetauftritt der FRG:<\/u><\/strong><\/p>\n<p>Die Homepage wurde aktualisiert und mit mehr Informationen sowie Bildern zu wich-tigen Ereignissen bef\u00fcllt. Die laufende Betreuung der Seite wurde von Herrn Wagner fortgef\u00fchrt.<\/p>\n<h3><strong><u>Ganztagsangebot \/ Nachmittagsbetreuung:<\/u><\/strong><\/h3>\n<p>Die FRG begleiten das Projekt weiterhin und unterst\u00fctzen fallweise durch Zusch\u00fcsse f\u00fcr die Sachausstattung.<\/p>\n<h3><strong><u>Projekt \u201eAHA!\u201c:<\/u><\/strong><\/h3>\n<p>F\u00fcr das Projekt <strong>\u201eAlumni helfen Abiturienten\u201c<\/strong> haben sich \u00fcber 40 Ehemalige aus 17 Ausbildungs- bzw. Fachrichtungen angeboten. Die Verkn\u00fcpfung und Abstimmung mit dem berufsorientierten Seminar (P-Seminar in der neuen Oberstufe des G8) l\u00e4uft.<br \/>\n<strong>Nachfragen<\/strong> sind seit der letzten MV leider nicht eingegangen.<\/p>\n<h3><strong><u>Sanierung und Erweiterung des Schulgeb\u00e4udes<\/u><\/strong><\/h3>\n<p>Die Generalsanierung des Altbaus und die geplanten Neubauma\u00dfnahmen werden 2019 begonnen. Die 3-fach-Sporthalle des AWG wurde im Sommer 2017 fertig gestellt.<\/p>\n<p>Die FRG unterst\u00fctzen \u00fcber ihre Kontakte ins Rathaus das Bauvorhaben nach Kr\u00e4ften.<\/p>\n<h3><strong><u>Finanzen:<\/u><\/strong><\/h3>\n<p>Die FRG haben 2017\/2018 Anschaffungen und Aktivit\u00e4ten des RG mit folgenden Betr\u00e4gen finanziell unterst\u00fctzt:<\/p>\n<p style=\"text-align: right;\">Zuschuss P-Seminar Musical \u00a0\u00a0\u00a0\u00a0\u00a0\u00a0\u00a0\u00a0 \u00a0 \u00a0 \u00a0 \u00a0 \u00a0 \u00a0 \u00a0 \u00a0 \u00a0 \u00a0 \u00a0 \u00a0 \u00a0 \u00a0\u00a0 \u00a0\u00a0\u00a0\u00a0\u00a0\u00a0\u00a0\u00a0\u00a0\u00a0\u00a0\u00a0\u00a0\u00a0\u00a0\u00a0\u00a0\u00a0\u00a0\u00a0\u00a0\u00a0\u00a0\u00a0\u00a0\u00a0\u00a0\u00a0\u00a0 \u00a0\u00a0 11.425 \u20ac<br \/>\nMekruphy Experimentierk\u00e4sten \u00a0\u00a0\u00a0\u00a0\u00a0\u00a0\u00a0\u00a0\u00a0\u00a0\u00a0\u00a0\u00a0\u00a0\u00a0\u00a0\u00a0\u00a0\u00a0\u00a0\u00a0\u00a0\u00a0\u00a0\u00a0\u00a0\u00a0\u00a0\u00a0\u00a0\u00a0\u00a0\u00a0\u00a0\u00a0\u00a0\u00a0\u00a0\u00a0\u00a0\u00a0\u00a0\u00a0\u00a0\u00a0\u00a0\u00a0\u00a0\u00a0\u00a0\u00a0\u00a0\u00a0\u00a0\u00a0\u00a0\u00a0\u00a0\u00a0\u00a0\u00a0\u00a0\u00a0\u00a0 \u00a0\u00a0 1.273 \u20ac<br \/>\nSchulmitgliedschaft Deutsches Museum (2017 und 2018)\u00a0\u00a0\u00a0\u00a0\u00a0\u00a0\u00a0\u00a0\u00a0 \u00a0 \u00a0 \u00a0\u00a0\u00a0\u00a0\u00a0\u00a0\u00a0 1.348 \u20ac<br \/>\nMINT-Projekt &#8222;Jugend forscht&#8220; \u00a0\u00a0\u00a0\u00a0\u00a0\u00a0\u00a0\u00a0\u00a0\u00a0\u00a0\u00a0\u00a0\u00a0\u00a0\u00a0\u00a0\u00a0\u00a0\u00a0\u00a0\u00a0\u00a0\u00a0\u00a0\u00a0\u00a0\u00a0\u00a0\u00a0\u00a0\u00a0\u00a0\u00a0\u00a0\u00a0\u00a0\u00a0\u00a0\u00a0\u00a0\u00a0\u00a0\u00a0\u00a0\u00a0\u00a0\u00a0\u00a0\u00a0\u00a0\u00a0\u00a0\u00a0\u00a0\u00a0\u00a0\u00a0\u00a0\u00a0\u00a0\u00a0\u00a0\u00a0 \u00a0\u00a0 1.788 \u20ac<br \/>\n50 Konferenztaschen (2017 und 2018)\u00a0\u00a0\u00a0\u00a0\u00a0\u00a0\u00a0\u00a0\u00a0\u00a0\u00a0\u00a0\u00a0\u00a0\u00a0\u00a0\u00a0\u00a0\u00a0\u00a0\u00a0\u00a0\u00a0\u00a0\u00a0\u00a0\u00a0\u00a0\u00a0\u00a0\u00a0\u00a0\u00a0\u00a0\u00a0\u00a0\u00a0\u00a0\u00a0\u00a0\u00a0\u00a0\u00a0\u00a0\u00a0\u00a0\u00a0\u00a0\u00a0\u00a0\u00a0\u00a0\u00a0\u00a0\u00a0 \u00a0\u00a0 803 \u20ac<br \/>\nAbitur- und Geldpreise (2017 und 2018)\u00a0\u00a0\u00a0\u00a0\u00a0\u00a0\u00a0\u00a0\u00a0\u00a0\u00a0\u00a0\u00a0\u00a0\u00a0\u00a0\u00a0\u00a0\u00a0\u00a0\u00a0\u00a0\u00a0\u00a0\u00a0\u00a0\u00a0\u00a0\u00a0\u00a0\u00a0\u00a0\u00a0\u00a0\u00a0\u00a0\u00a0\u00a0\u00a0\u00a0\u00a0\u00a0\u00a0\u00a0\u00a0\u00a0\u00a0\u00a0\u00a0\u00a0\u00a0 4.400 \u20ac<br \/>\nSch\u00fclerzeitung eXpresso \u00a0 \u00a0 \u00a0 \u00a0 \u00a0 \u00a0 \u00a0 \u00a0 \u00a0 \u00a0 \u00a0 \u00a0 \u00a0\u00a0\u00a0\u00a0\u00a0\u00a0\u00a0\u00a0\u00a0\u00a0\u00a0\u00a0\u00a0\u00a0\u00a0\u00a0\u00a0\u00a0\u00a0\u00a0\u00a0\u00a0\u00a0\u00a0\u00a0\u00a0\u00a0\u00a0\u00a0\u00a0\u00a0\u00a0\u00a0\u00a0\u00a0\u00a0\u00a0\u00a0\u00a0\u00a0\u00a0\u00a0\u00a0\u00a0\u00a0\u00a0\u00a0\u00a0\u00a0\u00a0\u00a0\u00a0\u00a0\u00a0\u00a0 \u00a0\u00a0 635 \u20ac<br \/>\nKlassen-Sonderpreis f\u00fcr soziales Engagement\u00a0\u00a0\u00a0\u00a0\u00a0 \u00a0 \u00a0\u00a0\u00a0\u00a0\u00a0\u00a0\u00a0\u00a0\u00a0\u00a0\u00a0\u00a0\u00a0\u00a0\u00a0\u00a0\u00a0\u00a0\u00a0\u00a0\u00a0\u00a0\u00a0\u00a0\u00a0\u00a0\u00a0\u00a0\u00a0\u00a0\u00a0\u00a0\u00a0\u00a0 \u00a0\u00a0 184 \u20ac<br \/>\n<strong>Gesamtf\u00f6rderung der Schule\u00a0\u00a0\u00a0\u00a0\u00a0\u00a0\u00a0\u00a0\u00a0\u00a0\u00a0\u00a0\u00a0\u00a0\u00a0\u00a0\u00a0\u00a0\u00a0\u00a0\u00a0\u00a0\u00a0\u00a0\u00a0\u00a0\u00a0\u00a0\u00a0\u00a0\u00a0\u00a0\u00a0\u00a0\u00a0\u00a0\u00a0\u00a0\u00a0\u00a0\u00a0\u00a0\u00a0\u00a0\u00a0\u00a0\u00a0\u00a0\u00a0\u00a0\u00a0\u00a0\u00a0\u00a0\u00a0\u00a0 21.856 \u20ac<\/strong><\/p>\n<h3><strong><u>Geplante Aktivit\u00e4ten:<\/u><\/strong><\/h3>\n<p>Der Vorstand beabsichtigt, bis zur n\u00e4chsten Mitgliederversammlung wieder eigene Veranstaltungen anzubieten. Sie werden vom Vorstand per Rundschreiben rechtzeitig bekannt gegeben:<\/p>\n<table border=\"0\">\n<tbody>\n<tr>\n<td style=\"text-align: left;\"><strong>Veranstaltungen<\/strong><\/td>\n<td><\/td>\n<\/tr>\n<tr>\n<td>Angedacht sind:<\/td>\n<td>Themenf\u00fchrung im Hauptstaatsarchiv<\/td>\n<\/tr>\n<tr>\n<td><\/td>\n<td>Themenf\u00fchrung NS-Doku-Zentrum<\/td>\n<\/tr>\n<tr>\n<td><\/td>\n<td>Stadtteilf\u00fchrung Neuhausen (Geschichtswerkstatt)<\/td>\n<\/tr>\n<tr>\n<td><strong>Jahrestreffen 2018<\/strong><\/td>\n<td>18.10.2018, 19.00 Uhr, Ort noch offen<\/td>\n<\/tr>\n<tr>\n<td><strong>AHA-Projekt<\/strong><\/td>\n<td>Fortf\u00fchrung<\/td>\n<\/tr>\n<\/tbody>\n<\/table>\n<p><strong>Finanzielle Unterst\u00fctzung<\/strong> von Schulvorhaben (nach Bedarf und Kassenlage)<\/p>\n<p>Intensivierung der <strong>\u00d6ffentlichkeitsarbeit<\/strong> und weitere Anstrengungen zur <strong>Mitgliedergewinnung<\/strong>, personelle Verst\u00e4rkung f\u00fcr die Vorstandsarbeit.<\/p>\n<p>&nbsp;<\/p>\n","protected":false},"excerpt":{"rendered":"<p>T\u00e4tigkeitsbericht des Vorstands 2018 (ab Mitgliederversammlung 2017) Der Verein hat derzeit 115 Mitglieder, davon 81 zahlende. Der Vorstand konnte sich personell verst\u00e4rken durch die Mitarbeit von zwei ehemali-gen Sch\u00fclern (Sonja Schmidt, Abi-Jahrgang 2008, Christof Sommerschuh, Abi-Jahrgang 2004). Seit der Mitgliederversammlung &hellip; <a href=\"https:\/\/rupprecht-gymnasium-foerderverein.de\/?page_id=1069\">Weiterlesen <span class=\"meta-nav\">&rarr;<\/span><\/a><\/p>\n","protected":false},"author":2,"featured_media":0,"parent":48,"menu_order":0,"comment_status":"closed","ping_status":"closed","template":"","meta":{"footnotes":""},"class_list":["post-1069","page","type-page","status-publish","hentry"],"_links":{"self":[{"href":"https:\/\/rupprecht-gymnasium-foerderverein.de\/index.php?rest_route=\/wp\/v2\/pages\/1069","targetHints":{"allow":["GET"]}}],"collection":[{"href":"https:\/\/rupprecht-gymnasium-foerderverein.de\/index.php?rest_route=\/wp\/v2\/pages"}],"about":[{"href":"https:\/\/rupprecht-gymnasium-foerderverein.de\/index.php?rest_route=\/wp\/v2\/types\/page"}],"author":[{"embeddable":true,"href":"https:\/\/rupprecht-gymnasium-foerderverein.de\/index.php?rest_route=\/wp\/v2\/users\/2"}],"replies":[{"embeddable":true,"href":"https:\/\/rupprecht-gymnasium-foerderverein.de\/index.php?rest_route=%2Fwp%2Fv2%2Fcomments&post=1069"}],"version-history":[{"count":12,"href":"https:\/\/rupprecht-gymnasium-foerderverein.de\/index.php?rest_route=\/wp\/v2\/pages\/1069\/revisions"}],"predecessor-version":[{"id":1081,"href":"https:\/\/rupprecht-gymnasium-foerderverein.de\/index.php?rest_route=\/wp\/v2\/pages\/1069\/revisions\/1081"}],"up":[{"embeddable":true,"href":"https:\/\/rupprecht-gymnasium-foerderverein.de\/index.php?rest_route=\/wp\/v2\/pages\/48"}],"wp:attachment":[{"href":"https:\/\/rupprecht-gymnasium-foerderverein.de\/index.php?rest_route=%2Fwp%2Fv2%2Fmedia&parent=1069"}],"curies":[{"name":"wp","href":"https:\/\/api.w.org\/{rel}","templated":true}]}}

<h2 style="text-align: center;"><strong>Tätigkeitsbericht des Vorstands 2018<br />
(ab Mitgliederversammlung 2017)</strong></h2>
<p>Der Verein hat derzeit 115 Mitglieder, davon 81 zahlende.<br />
Der Vorstand konnte sich personell verstärken durch die Mitarbeit von zwei ehemali-gen Schülern (Sonja Schmidt, Abi-Jahrgang 2008, Christof Sommerschuh, Abi-Jahrgang 2004).<br />
Seit der Mitgliederversammlung 2017 wurden in 6 Vorstandssitzungen folgende Arbeitsschwerpunkte verfolgt:</p>
<h3><strong><u>Veranstaltungen:</u></strong></h3>
<p>25.06.2018 Führung Ohel-Jakob-Synagoge München</p>
<h3><strong><u>Öffentlichkeitsarbeit / Mitgliederwerbung:</u></strong></h3>
<p>Die <strong>Mitgliederwerbung</strong> und Bemühungen um Erhöhung des Spendenaufkommens wurden fortgeführt: Rundschreiben, Beitrag der FRG im offiziellen Jahresbericht des RG, Anzeigen der FRG in der Schülerzeitung „eXpresso“ und der Abi-Zeitung des Jahrgangs 2018.<br />
Der Kontakt zu den <strong>Pensionisten</strong> (Ansprechpartner: Herr Leitner) wurde fortgeführt. Ergebnis: Zwei Anmeldungen zur Teilnahme am Jahrestreffen (Herr Leitner, Herr Scharl).</p>
<p>Der Austausch mit dem <strong>Personalrat</strong> des RG wurde durch regelmäßige Einladung zu den Vorstandssitzungen fortgeführt.</p>
<p>Die FRG sind inzwischen auf der „<strong>Gooding</strong>“-Plattform registriert. Für diese Möglich-keit, über Einkäufe im Internet einen kleinen Teil des Umsatzes von den anbietenden Unternehmen an die FRG spenden zu lassen, wird noch im Kreis der Ehemaligen und Mitglieder geworben.</p>
<p>Die Teilnahme an der Aktion der ING DiBa (<strong>„1.000 € für 1.000 Vereine“</strong>) konnte in letzter Minute erfolgreich gestaltet werden. Die 1.000 € sind eingegangen.</p>
<p><strong><u>Internetauftritt der FRG:</u></strong></p>
<p>Die Homepage wurde aktualisiert und mit mehr Informationen sowie Bildern zu wich-tigen Ereignissen befüllt. Die laufende Betreuung der Seite wurde von Herrn Wagner fortgeführt.</p>
<h3><strong><u>Ganztagsangebot / Nachmittagsbetreuung:</u></strong></h3>
<p>Die FRG begleiten das Projekt weiterhin und unterstützen fallweise durch Zuschüsse für die Sachausstattung.</p>
<h3><strong><u>Projekt „AHA!“:</u></strong></h3>
<p>Für das Projekt <strong>„Alumni helfen Abiturienten“</strong> haben sich über 40 Ehemalige aus 17 Ausbildungs- bzw. Fachrichtungen angeboten. Die Verknüpfung und Abstimmung mit dem berufsorientierten Seminar (P-Seminar in der neuen Oberstufe des G8) läuft.<br />
<strong>Nachfragen</strong> sind seit der letzten MV leider nicht eingegangen.</p>
<h3><strong><u>Sanierung und Erweiterung des Schulgebäudes</u></strong></h3>
<p>Die Generalsanierung des Altbaus und die geplanten Neubaumaßnahmen werden 2019 begonnen. Die 3-fach-Sporthalle des AWG wurde im Sommer 2017 fertig gestellt.</p>
<p>Die FRG unterstützen über ihre Kontakte ins Rathaus das Bauvorhaben nach Kräften.</p>
<h3><strong><u>Finanzen:</u></strong></h3>
<p>Die FRG haben 2017/2018 Anschaffungen und Aktivitäten des RG mit folgenden Beträgen finanziell unterstützt:</p>
<p style="text-align: right;">Zuschuss P-Seminar Musical                                                                        11.425 €<br />
Mekruphy Experimentierkästen                                                                     1.273 €<br />
Schulmitgliedschaft Deutsches Museum (2017 und 2018)                      1.348 €<br />
MINT-Projekt &#8222;Jugend forscht&#8220;                                                                     1.788 €<br />
50 Konferenztaschen (2017 und 2018)                                                           803 €<br />
Abitur- und Geldpreise (2017 und 2018)                                                    4.400 €<br />
Schülerzeitung eXpresso                                                                                    635 €<br />
Klassen-Sonderpreis für soziales Engagement                                              184 €<br />
<strong>Gesamtförderung der Schule                                                         21.856 €</strong></p>
<h3><strong><u>Geplante Aktivitäten:</u></strong></h3>
<p>Der Vorstand beabsichtigt, bis zur nächsten Mitgliederversammlung wieder eigene Veranstaltungen anzubieten. Sie werden vom Vorstand per Rundschreiben rechtzeitig bekannt gegeben:</p>
<table border="0">
<tbody>
<tr>
<td style="text-align: left;"><strong>Veranstaltungen</strong></td>
<td></td>
</tr>
<tr>
<td>Angedacht sind:</td>
<td>Themenführung im Hauptstaatsarchiv</td>
</tr>
<tr>
<td></td>
<td>Themenführung NS-Doku-Zentrum</td>
</tr>
<tr>
<td></td>
<td>Stadtteilführung Neuhausen (Geschichtswerkstatt)</td>
</tr>
<tr>
<td><strong>Jahrestreffen 2018</strong></td>
<td>18.10.2018, 19.00 Uhr, Ort noch offen</td>
</tr>
<tr>
<td><strong>AHA-Projekt</strong></td>
<td>Fortführung</td>
</tr>
</tbody>
</table>
<p><strong>Finanzielle Unterstützung</strong> von Schulvorhaben (nach Bedarf und Kassenlage)</p>
<p>Intensivierung der <strong>Öffentlichkeitsarbeit</strong> und weitere Anstrengungen zur <strong>Mitgliedergewinnung</strong>, personelle Verstärkung für die Vorstandsarbeit.</p>
<p>&nbsp;</p>

<p>Tätigkeitsbericht des Vorstands 2018 (ab Mitgliederversammlung 2017) Der Verein hat derzeit 115 Mitglieder, davon 81 zahlende. Der Vorstand konnte sich personell verstärken durch die Mitarbeit von zwei ehemali-gen Schülern (Sonja Schmidt, Abi-Jahrgang 2008, Christof Sommerschuh, Abi-Jahrgang 2004). Seit der Mitgliederversammlung &hellip; <a href="https://rupprecht-gymnasium-foerderverein.de/?page_id=1069">Weiterlesen <span class="meta-nav">&rarr;</span></a></p>
