{"id":347,"date":"2014-01-16T18:51:02","date_gmt":"2014-01-16T16:51:02","guid":{"rendered":"http:\/\/www.rupprecht-gymnasium-foerderverein.de\/?page_id=347"},"modified":"2014-01-16T18:51:02","modified_gmt":"2014-01-16T16:51:02","slug":"bilanz-freunde-des-rg-e-v-zum-10jaehrigen-bestehen","status":"publish","type":"page","link":"https:\/\/rupprecht-gymnasium-foerderverein.de\/?page_id=347","title":{"rendered":"Bilanz \u201eFreunde des RG e. V.\u201c zum 10j\u00e4hrigen Bestehen"},"content":{"rendered":"<p align=\"center\"><i>(Stand: 15.01.2014)<\/i><\/p>\n<p style=\"text-align: left;\" align=\"center\"><b>\u00a0<\/b><b>Gr\u00fcndungsmitglieder<\/b>\u00a0 \u00a0 \u00a0 \u00a0 \u00a0 \u00a0 \u00a0 (08.03.2004):\u00a0\u00a0\u00a0\u00a0\u00a0\u00a0\u00a0\u00a0\u00a0\u00a0\u00a0\u00a0\u00a0\u00a0\u00a0\u00a0\u00a0\u00a0\u00a0\u00a0\u00a0\u00a0\u00a0\u00a0\u00a0\u00a0\u00a0\u00a0\u00a0\u00a0\u00a0\u00a0\u00a0\u00a0\u00a0\u00a0 <b>19<\/b><\/p>\n<p>\u00a0<b>Aktueller Mitgliederstand<\/b> \u00a0\u00a0\u00a0 (15.01.2014)\u00a0\u00a0\u00a0\u00a0\u00a0\u00a0\u00a0\u00a0\u00a0\u00a0\u00a0\u00a0\u00a0\u00a0\u00a0\u00a0\u00a0\u00a0\u00a0\u00a0\u00a0\u00a0\u00a0\u00a0\u00a0\u00a0\u00a0\u00a0\u00a0\u00a0\u00a0\u00a0\u00a0\u00a0\u00a0\u00a0\u00a0 <b>105<\/b><\/p>\n<p>&nbsp;<\/p>\n<p><strong><span style=\"text-decoration: underline;\">Aktueller Vorstand<\/span><\/strong><\/p>\n<p>Ehemalige Sch\u00fcler, Schulleitung, Sch\u00fclermitverantwortung, Elternbeirat, Landheimverein,\u00a0M\u00fcnchner Verbindung Rupprechtia<\/p>\n<p>Damit sind <b>alle relevanten Gruppen\/Gremien der Schulfamilie<\/b> vertreten.<\/p>\n<p><span style=\"text-decoration: underline;\"><strong>Eigene Veranstaltungen<\/strong><\/span><\/p>\n<p><b>10 Jahrgangstreffen <\/b>mit jeweils 100 \u2013 200 Teilnehmern<br \/>\n(davon 3 im Augustiner, 7 in der neuen Mensa).<\/p>\n<p><b>5 Landtagsf\u00fchrungen <\/b>(nach<b> <\/b>Einweihung des neuen Plenarsaals) und<br \/>\n<b>1 Rathausf\u00fchrung<\/b><\/p>\n<p><b>7 Museumsf\u00fchrungen <\/b>(Neue und Alte Pinakothek, Pinakothek der Moderne, Bayer. Nationalmuseum und Glyptothek)<\/p>\n<p><b>3 Themenf\u00fchrungen <\/b>(Schlosspark Nymphenburg, M\u00fcnchen zwischen den Weltkriegen, Schloss Schlei\u00dfheim)<\/p>\n<p><b>Vortr\u00e4ge:<br \/>\n<\/b><b>Prof. Dr. Lesch<\/b> \u00fcber das Thema: <b>\u201eNeue Erkenntnisse zum Universum\u201c <\/b>(November 2008),<br \/>\n<b>Dr. Riffeser <\/b>zum Thema <b>\u201eDunkle Materie\u201c <\/b>(Juni 2010).<\/p>\n<p><b>Kabarett: Piano Paul <\/b>mit seinem Programm <b>\u201ePISA \u2013 Bach \u2013 Pythagoras\u201c <\/b>(Februar 2009).<\/p>\n<p><strong><span style=\"text-decoration: underline;\">Mitwirkung an Schulveranstaltungen<\/span><\/strong><\/p>\n<p>Aktionen in der <b>Festwoche 100-Jahr-Feier<\/b><\/p>\n<p>An <b>7 Sommerfesten <\/b>wurde ein Treffpunkt f\u00fcr Ehemalige angeboten.<\/p>\n<p><b>3 Projekttage <\/b>mit Empfang der Ehemaligen durch die Schulleitung.<\/p>\n<p><strong><span style=\"text-decoration: underline;\">Nachmittagsbetreuung<\/span><\/strong><\/p>\n<p>Bis 2009\u00a0 von insgesamt <b>350 Sch\u00fclerinnen und Sch\u00fclern<\/b> in Anspruch genommen.<br \/>\n\u00dcber <b>120<\/b> Oberstufensch\u00fclerinnen und -sch\u00fcler als <b>Betreuungspersonen<\/b> eingesetzt.<\/p>\n<p><span style=\"text-decoration: underline;\"><strong>AHA-Projekt<\/strong><\/span><\/p>\n<p>Netzwerk-Projekt zur Unterst\u00fctzung von Abiturienten des RG bei Ausbildung\/Studium.<br \/>\n<b>40 Beratungsangebote<\/b> aus <b>18 Fachrichtungen<\/b> liegen vor.<\/p>\n<h3><b><span style=\"text-decoration: underline;\">F\u00f6rderma\u00dfnahmen<\/span><\/b><\/h3>\n<table border=\"2\" cellspacing=\"0\" cellpadding=\"0\">\n<tbody>\n<tr>\n<td valign=\"top\" width=\"222\">\n<p style=\"text-align: left;\" align=\"center\"><i>Empf\u00e4nger<\/i><\/p>\n<\/td>\n<td valign=\"top\" width=\"255\">\n<p style=\"text-align: left;\" align=\"center\"><i>Inhalt<\/i><\/p>\n<\/td>\n<td valign=\"top\" width=\"137\">\n<p style=\"text-align: right;\" align=\"center\"><i>Betrag in \u20ac<\/i><\/p>\n<\/td>\n<\/tr>\n<tr>\n<td rowspan=\"4\" valign=\"top\" width=\"222\">Schule allgemein<\/td>\n<td valign=\"top\" width=\"255\">Medienausstattung der Mensa zur 100-Jahr-Feier<\/td>\n<td style=\"text-align: right;\" valign=\"top\" width=\"137\">10.000<\/td>\n<\/tr>\n<tr>\n<td valign=\"top\" width=\"255\">Materialien zur Schulhofgestaltung, F\u00f6rderung der Theatergruppe, und der Kletter-AG, Shirts f\u00fcr Schulsanit\u00e4ter<\/td>\n<td style=\"text-align: right;\" valign=\"top\" width=\"137\">1.100<\/td>\n<\/tr>\n<tr>\n<td valign=\"top\" width=\"255\">Schulmitgliedschaft im Deutschen Museum<\/td>\n<td style=\"text-align: right;\" valign=\"top\" width=\"137\">2.500<\/td>\n<\/tr>\n<tr>\n<td valign=\"top\" width=\"255\">Programm zur Legastheniker-F\u00f6rderung<\/td>\n<td style=\"text-align: right;\" valign=\"top\" width=\"137\">300<\/td>\n<\/tr>\n<tr>\n<td rowspan=\"2\" valign=\"top\" width=\"222\">Sch\u00fcler<\/td>\n<td valign=\"top\" width=\"255\">Zusch\u00fcsse f\u00fcr Klassenfahrten u.a.<\/td>\n<td style=\"text-align: right;\" valign=\"top\" width=\"137\">1.000<\/td>\n<\/tr>\n<tr>\n<td valign=\"top\" width=\"255\">J\u00e4hrliche F\u00f6rderpreise f\u00fcr herausragende Leistungen im Abitur<\/td>\n<td style=\"text-align: right;\" valign=\"top\" width=\"137\">6.200<\/td>\n<\/tr>\n<tr>\n<td valign=\"top\" width=\"222\">Sch\u00fclermitverantwortung<\/td>\n<td valign=\"top\" width=\"255\">Zusch\u00fcsse zu SMV-Seminar und Beschaffung eines SMV-Laptops, T-Shirts, etc.<\/td>\n<td style=\"text-align: right;\" valign=\"top\" width=\"137\">1.700<\/td>\n<\/tr>\n<tr>\n<td rowspan=\"2\" valign=\"top\" width=\"222\">Elternbeirat<\/td>\n<td valign=\"top\" width=\"255\">Mietschlie\u00dff\u00e4cher f\u00fcr die Sch\u00fcler<\/td>\n<td style=\"text-align: right;\" valign=\"top\" width=\"137\">2.000<\/td>\n<\/tr>\n<tr>\n<td valign=\"top\" width=\"255\">Zuschuss Konflikttraining Eltern<\/td>\n<td style=\"text-align: right;\" valign=\"top\" width=\"137\">300<\/td>\n<\/tr>\n<tr>\n<td valign=\"top\" width=\"222\">Fachschaft Musik<\/td>\n<td valign=\"top\" width=\"255\">Zusch\u00fcsse zur Beschaffung eines Klaviers und eines Schlagzeugs<\/td>\n<td style=\"text-align: right;\" valign=\"top\" width=\"137\">1.400<\/td>\n<\/tr>\n<tr>\n<td valign=\"top\" width=\"222\">Fachschaft Mathematik<\/td>\n<td valign=\"top\" width=\"255\">Zuschuss zur Beschaffung grafikf\u00e4higer Rechner (m\u00b3-Projekt)<\/td>\n<td style=\"text-align: right;\" valign=\"top\" width=\"137\">500<\/td>\n<\/tr>\n<tr>\n<td valign=\"top\" width=\"222\">Fachschaften Fremdsprachen<\/td>\n<td valign=\"top\" width=\"255\">TV-Empfangs- und Aufnahmeger\u00e4te zur Nutzung ausl\u00e4ndischer Sender f\u00fcr Fremdsprachenunterricht, Druck eines italienischen Kochbuchs<\/td>\n<td style=\"text-align: right;\" valign=\"top\" width=\"137\">1.750<\/td>\n<\/tr>\n<tr>\n<td valign=\"top\" width=\"222\">Fachschaft Chemie<\/td>\n<td valign=\"top\" width=\"255\">Laborausstattung<\/td>\n<td style=\"text-align: right;\" valign=\"top\" width=\"137\">1.000<\/td>\n<\/tr>\n<tr>\n<td valign=\"top\" width=\"222\">Fachschaft Physik<\/td>\n<td valign=\"top\" width=\"255\">Laborausstattung<\/td>\n<td style=\"text-align: right;\" valign=\"top\" width=\"137\">2.000<\/td>\n<\/tr>\n<tr>\n<td valign=\"top\" width=\"222\">Fachschaft Biologie<\/td>\n<td valign=\"top\" width=\"255\">Material f\u00fcr Modelle<\/td>\n<td style=\"text-align: right;\" valign=\"top\" width=\"137\">200<\/td>\n<\/tr>\n<tr>\n<td valign=\"top\" width=\"222\">Fachschaft Geschichte<\/td>\n<td valign=\"top\" width=\"255\">Referentenhonorar anl\u00e4sslich Gedenkveranstaltung NS-Opfer<\/td>\n<td style=\"text-align: right;\" valign=\"top\" width=\"137\">300<\/td>\n<\/tr>\n<tr>\n<td valign=\"top\" width=\"222\">Fachschaft Sport<\/td>\n<td valign=\"top\" width=\"255\">Zuschuss zu Kosten der Kletter-AG, Beschaffung von B\u00e4llen<\/td>\n<td style=\"text-align: right;\" valign=\"top\" width=\"137\">900<\/td>\n<\/tr>\n<tr>\n<td valign=\"top\" width=\"222\">Schulbibliothek<\/td>\n<td valign=\"top\" width=\"255\">Beschaffung von Mobiliar, B\u00fcchern und Verwaltungssoftware, Honorare f\u00fcr Katalogisierung<\/td>\n<td style=\"text-align: right;\" valign=\"top\" width=\"137\">2.000<\/td>\n<\/tr>\n<tr>\n<td valign=\"top\" width=\"222\">Landheimverein<\/td>\n<td valign=\"top\" width=\"255\">Allgemeiner Zuschuss Landheim<\/td>\n<td style=\"text-align: right;\" valign=\"top\" width=\"137\">400<\/td>\n<\/tr>\n<tr>\n<td valign=\"top\" width=\"222\">Nachmittagsbetreuung<\/td>\n<td valign=\"top\" width=\"255\">Spiel- und Lernmaterialien<\/td>\n<td style=\"text-align: right;\" valign=\"top\" width=\"137\">550<\/td>\n<\/tr>\n<tr>\n<td valign=\"top\" width=\"222\">Ehemaligenbetreuung<\/td>\n<td valign=\"top\" width=\"255\">Organisation Jahrestreffen, Rundschreiben<\/td>\n<td style=\"text-align: right;\" valign=\"top\" width=\"137\">9.000<\/td>\n<\/tr>\n<tr>\n<td style=\"text-align: left;\" colspan=\"2\" valign=\"top\" width=\"477\"><strong>F\u00f6rderma\u00dfnahmen gesamt rd.<\/strong><\/td>\n<td valign=\"top\" width=\"137\">\n<p style=\"text-align: right;\" align=\"right\"><b>45.000 \u20ac<\/b><\/p>\n<\/td>\n<\/tr>\n<\/tbody>\n<\/table>\n<p>&nbsp;<\/p>\n","protected":false},"excerpt":{"rendered":"<p>(Stand: 15.01.2014) \u00a0Gr\u00fcndungsmitglieder\u00a0 \u00a0 \u00a0 \u00a0 \u00a0 \u00a0 \u00a0 (08.03.2004):\u00a0\u00a0\u00a0\u00a0\u00a0\u00a0\u00a0\u00a0\u00a0\u00a0\u00a0\u00a0\u00a0\u00a0\u00a0\u00a0\u00a0\u00a0\u00a0\u00a0\u00a0\u00a0\u00a0\u00a0\u00a0\u00a0\u00a0\u00a0\u00a0\u00a0\u00a0\u00a0\u00a0\u00a0\u00a0\u00a0 19 \u00a0Aktueller Mitgliederstand \u00a0\u00a0\u00a0 (15.01.2014)\u00a0\u00a0\u00a0\u00a0\u00a0\u00a0\u00a0\u00a0\u00a0\u00a0\u00a0\u00a0\u00a0\u00a0\u00a0\u00a0\u00a0\u00a0\u00a0\u00a0\u00a0\u00a0\u00a0\u00a0\u00a0\u00a0\u00a0\u00a0\u00a0\u00a0\u00a0\u00a0\u00a0\u00a0\u00a0\u00a0\u00a0 105 &nbsp; Aktueller Vorstand Ehemalige Sch\u00fcler, Schulleitung, Sch\u00fclermitverantwortung, Elternbeirat, Landheimverein,\u00a0M\u00fcnchner Verbindung Rupprechtia Damit sind alle relevanten Gruppen\/Gremien der Schulfamilie vertreten. Eigene Veranstaltungen 10 Jahrgangstreffen mit &hellip; <a href=\"https:\/\/rupprecht-gymnasium-foerderverein.de\/?page_id=347\">Weiterlesen <span class=\"meta-nav\">&rarr;<\/span><\/a><\/p>\n","protected":false},"author":2,"featured_media":0,"parent":48,"menu_order":0,"comment_status":"closed","ping_status":"closed","template":"","meta":{"footnotes":""},"class_list":["post-347","page","type-page","status-publish","hentry"],"_links":{"self":[{"href":"https:\/\/rupprecht-gymnasium-foerderverein.de\/index.php?rest_route=\/wp\/v2\/pages\/347","targetHints":{"allow":["GET"]}}],"collection":[{"href":"https:\/\/rupprecht-gymnasium-foerderverein.de\/index.php?rest_route=\/wp\/v2\/pages"}],"about":[{"href":"https:\/\/rupprecht-gymnasium-foerderverein.de\/index.php?rest_route=\/wp\/v2\/types\/page"}],"author":[{"embeddable":true,"href":"https:\/\/rupprecht-gymnasium-foerderverein.de\/index.php?rest_route=\/wp\/v2\/users\/2"}],"replies":[{"embeddable":true,"href":"https:\/\/rupprecht-gymnasium-foerderverein.de\/index.php?rest_route=%2Fwp%2Fv2%2Fcomments&post=347"}],"version-history":[{"count":7,"href":"https:\/\/rupprecht-gymnasium-foerderverein.de\/index.php?rest_route=\/wp\/v2\/pages\/347\/revisions"}],"predecessor-version":[{"id":354,"href":"https:\/\/rupprecht-gymnasium-foerderverein.de\/index.php?rest_route=\/wp\/v2\/pages\/347\/revisions\/354"}],"up":[{"embeddable":true,"href":"https:\/\/rupprecht-gymnasium-foerderverein.de\/index.php?rest_route=\/wp\/v2\/pages\/48"}],"wp:attachment":[{"href":"https:\/\/rupprecht-gymnasium-foerderverein.de\/index.php?rest_route=%2Fwp%2Fv2%2Fmedia&parent=347"}],"curies":[{"name":"wp","href":"https:\/\/api.w.org\/{rel}","templated":true}]}}